+ 10 - (-5 + -5).
4
Calculate -7 - (-1 + 0 + 16 + -19).
-3
What is -2 + -1 + 18 + -14?
1
Evaluate 3 + -5 + 0 - -7 - 11.
-6
What is the value of 0 - -4 - (2 - -8 - 6)?
0
Evaluate -12 - ((7 - 10) + -13).
4
Evaluate -5 + (9 - -2) - 3.
3
What is the value of -4 + (-4 - -5) - (0 + -2)?
-1
Calculate 2 + (-5 + -3 + 6 - 1).
-1
Evaluate 0 + -1 - -2 - 4.
-3
What is -1 - (-2 + (-2 - -2))?
1
Evaluate 14 - (-1 - (-5 + -3)) - 0.
7
Calculate 5 - (-7 + -2 + 3 - -8).
3
Evaluate (-8 - -3) + 1 + (2 - -7).
5
-8 + (6 - (-9 - -7))
0
Calculate -5 - -3 - -3 - (-1 + 0).
2
Calculate 60 - 54 - (1 + 5).
0
(11 + -7 - -3) + 1
8
What is the value of -5 + (2 - (1 - 5))?
1
What is -5 - (-1 + 1) - -3?
-2
Calculate 14 + -8 + -3 + 3 + -10.
-4
(5 + -7 - -7) + -4
1
-1 - 3 - (29 + -32)
-1
What is (19 - 4) + (22 - 31)?
6
What is 2 + 2 + 7 - 6?
5
0 + (-2 - -10) - 9
-1
Calculate 6 - (1 - (7 - 9)) - 8.
-5
Evaluate (3 - (6 + -3)) + 0.
0
What is 0 - -4 - (-11 + 16 + 4)?
-5
(1 - (-3 + 3)) + -6
-5
What is the value of (-10 + -1 + -2 - -6) + 12?
5
Evaluate -27 + 19 + 2 + 7.
1
What is the value of 7 - (6 - (-2 - -5))?
4
What is the value of (0 - -2) + -2 - (2 - 6)?
4
-20 - 1 - (-20 - -7)
-8
What is the value of 3 - (-6 + 15 + -1) - 3?
-8
What is the value of 2 + (-4 - -2) - (33 + -31)?
-2
What is the value of (-6 - 0) + -3 - -4?
-5
0 + (6 - 4) + -4
-2
-3 + 0 + -6 + 3 + 3
-3
Calculate (11 - (27 + 4)) + 11.
-9
What is (1 - -2) + (-18 - -9) - -4?
-2
What is the value of -2 + -3 + 0 - (42 - 48)?
1
What is 5 + (-1 - (-4 - -5))?
3
(-17 - -24) + (-1 - 10) + -1
-5
(5 - 2 - (0 + -1)) + -7
-3
What is the value of 2 - (1 - (-3 + 7))?
5
Calculate 3 + 1 + 0 + -3 + 4.
5
Evaluate (-8 - -10) + (2 - 0).
4
Calculate 2 + -2 + 6 - (17 - 12).
1
Evaluate (4 - 7 - -11) + -7.
1
Evaluate (3 + 3 - 2) + (0 - -2).
6
Calculate -3 - -3 - (-1 - (-5 - -4)).
0
What is (5 - 6) + 3 - (2 - 0)?
0
Calculate 7 + -10 + 7 + -1.
3
Evaluate (3 - -1) + (1 - (4 + 6)).
-5
What is -2 + (9 - 3 - 0)?
4
Evaluate (17 - 15) + (2 - 5).
-1
Evaluate -3 - (0 + 0 + -4).
1
What is the value of (0 - 5) + (-7 - -9) + 9?
6
What is the value of 10 + -2 + -4 + 1?
5
(-12 - -22 - 13) + (-1 - -8)
4
Evaluate -7 + (10 - 7) + -4.
-8
What is the value of 1 + (1 - 4) - (25 - 31)?
4
Calculate 0 + -10 + 0 + (12 - 8).
-6
What is the value of (-3 - -2) + 5 - 5?
-1
Calculate (-4 + -6 - -6) + -2 + 2.
-4
What is -3 + (-9 - (-18 - -8))?
-2
Evaluate 3 + 4 + -1 + 1 + -6.
1
Calculate (0 - 1) + (32 - 37).
-6
Evaluate 2 + -9 + (5 - 1).
-3
Calculate 1 - ((8 - 7) + (2 - 2)).
0
What is 0 + 0 + -166 + 158?
-8
Calculate 2 - (-3 - (0 + -2)).
3
Evaluate 1 + 13 + (1 - 6) + -12.
-3
Calculate 0 + -10 - (-4 + -1).
-5
What is the value of -2 + -6 + -1 + 4?
-5
57 + -62 - (-11 - (-1 - -1))
6
What is -11 + (8 - 3) + -2?
-8
What is 2 - (8 - 2) - (-1 - 2)?
-1
What is the value of -1 - (4 - (2 + 7))?
4
0 - (-2 + -3 - (-3 + 1))
3
What is the value of -8 + (10 - 3 - 6)?
-7
Evaluate (2 - -1) + -1 + 4 + -4.
2
What is the value of -1 + (-3 - -2 - -3) + -1?
0
Evaluate 5 - (-3 + (-5 + 1 - -9)).
3
What is (0 - 1) + (3 + -2 - 1)?
-1
0 + -1 - (-10 + (3 - -1))
5
What is -2 + -10 + (-2 - (7 + -16))?
-5
Evaluate 1 - (2 - (1 + 5)) - 0.
5
Evaluate 0 + -1 + 1 + 5.
5
Evaluate 28 + -29 + 8 + -1 - 7.
-1
7 - (-2 - (-4 - 1))
4
What is the value of -3 - -6 - (-1 - (-4 + 1))?
1
Calculate 2 + -1 + (5 - 12) - -11.
5
Calculate 11 + -19 + (0 - -7).
-1
Calculate -7 + (-8 - -17) + 5.
7
Calculate -3 + (0 - 1) + (14 - 2).
8
What is -2 - (4 + -2 - 3)?
-1
Calculate -10 + 5 - (-1 - 3) - 0.
-1
Calculate -14 - -2 - -9 - -8.
5
Evaluate -5 + 2 + 8 + -2.
3
What is -2 - -9 - (14 + -10)?
3
Evaluate -3 + -4 + 14 - 9.
-2
Evaluate 1 + 0 + (161 - 170).
-8
What is (2 - -1) + -3 + -8?
-8
0 + -11 + -5 + 9 + 5
-2
Calculate (-40 - -25) + (11 - 1).
-5
What is the value of 0 - ((1 - -1) + (-3 - 0))?
1
Evaluate -16 + 14 - (-6 + 2).
2
What is -6 + 8 + 2 - (-4 - -2)?
6
-6 - 0 - (-12 + 10 + -2)
-2
What is the value of -1 + 7 - (-17 + 23)?
0
What is the value of -4 + 2 + -2 - -5?
1
What is the value of (-6 + 2 - 6) + (-4 - -9)?
-5
What is 6 + 1 - ((3 - 11) + 12)?
3
2 + 3 - (178 + -176)
3
Evaluate -6 + (-6 - (3 - 10 - 5)).
0
What is the value of (2 - 5) + (9 - 7 - 3)?
-4
What is the value of -10 - -8 - -3 - 4?
-3
What is the value of -7 + 16 + (-12 - -7)?
4
What is the value of (12 - 4) + (-7 - -3) + -1?
3
What is (2 - -1) + -3 + (-2 - 6)?
-8
-8 + -1 + 1 + 6 + -4
-6
(3 - 5) + 2 - (-2 - -1)
1
What is 16 - 20 - (-1 - 3) - -2?
2
Evaluate 2 + -4 - (1 + -5).
2
What is the value of 10 + -8 + (6 - 4 - -1)?
5
-4 + 7 + (-5 - -5) - 0
3
What is -17 - -12 - (-2 - -1)?
-4
Calculate 1 + 4 + -5 - (-4 - -1).
3
What is the value of (-6 - -11) + (-2 - 0) + -6?
-3
What is the value of (-1 + -14 - -10) + 11?
6
Evaluate 6 + 5 + -3 + -6.
2
What is 115 - 117 - (-1 - -8)?
-9
Evaluate 3 - (-12 + 19 + (-3 - 10)).
9
Calculate (14 - 9) + (-2 - 4) + -3.
-4
1 - 1 - (4 + -11 - -5)
2
Evaluate 7 + -1 + 0 - 4.
2
Evaluate -4 - (-9 - 0 - (-1 - 6)).
-2
Calculate -3 + (-7 + 12 - 5).
-3
Evaluate 1 + -1 + 6 + -1 + -1.
4
(0 - 2) + -1 + -2 + 0
-5
What is 4 - (15 - 8) - 2?
-5
What is the value of 1 + 0 + 0 - 4?
-3
Calculate 13 + (-8 - (-11 + 8 - 0)).
8
-1 - (-1 - 8) - (-78 - -79)
7
What is the value of 37 - 35 - (1 - -5 - 0)?
-4
What is 5 + 2 + (17 - 19) + 3?
8
Evaluate (0 - (-10 - -18)) + 10.
2
Evaluate 8 - (-4 - -6) - 10.
-4
Evaluate -7 - -1 - (-53 + 47).
0
What is -16 - -20 - (1 + 3 + -2)?
2
Calculate (-4 - (-1 + -9)) + -1.
5
What is -28 + 25 + (0 - -1) - -5?
3
Evaluate 22 - 19 - (3 + 2 + -1).
-1
What is the value of 4 - (4 + -5 + 5) - 4?
-4
45 + -44 + (2 - -2)
5
What is (-17 - -19) + (-1 - 2)?
-1
Calculate (3 - (2 - 1)) + (0 - -3).
5
(67 - 68) + (3 - -2)
4
What is the value of -2 - 2 - -2 - (-1 + -4)?
3
What is 5 + 5 + -1 + -4 - -2?
7
Calculate -6 - (2 + -7 - -3 - 5).
1
What is 6 - (-5 + 16 + -6)?
1
-3 - (4 - (8 - 2))
-1
What is (2 - 3) + 7 + -12 + 13?
7
1 - (5 + -6 + 2 + 2)
-2
Calculate -2 - (-9 - (-15 + 4)).
-4
What is -2 + -2 + -1 + 5?
0
What is the value of 6 - (0 - -4) - 7?
-5
What is 6 - 8 - (-1 + 2 - 5)?
2
What is 3 + -14 + 3 - -5?
-3
Evaluate 11 + -12 - (2 + 0).
-3
Evaluate (86 - 90) + (1 - -1).
-2
Calculate -9 - -7 - ((-1 - 4) + 1).
2
What is the value of -1 + -4 + -1 - -5?
-1
What is -3 + 5 + -5 + -3 + 0?
-6
Calculate -1 - ((3 - 2) + -2).
0
What is the value of (-1 - (11 + -11)) + 3?
2
Calculate 0 + 3 + -4 + -3 - -4.
0
What is -55 + 64 + (0 - 10)?
-1
What is 8 + (3 + -11 - -3) + -1?
2
What is -12 + 15 - (-2 - -5)?
0
What is -11 + (-7 - -6) + 22?
10
Calculate (1 - -5) + -4 - (-8 + 12).
-2
What is the value of 0 - 0 - 0 - (-20 + 18)?
2
Evaluate -8 + -9 - -12 - (-5 - 2).
2
What is the value of 2 - 1 - 1 - (-5 + 1)?
4
Evaluate -5 + 5 + -3 + -1 + -1.
-5
Calculate 5 + -3 + 0 + 1 + -2.
1
-1 + -6 + 6 - 5
-6
What is 7 + -9 + (5 - -7)?
10
What is the value of 1 + 2 + 5 + -9?
-1
What is (-8 - -5) + 2 - (1 + 3)?
-5
Evaluate 1 + 3 + -4 - (-1 + -2).
3
Calculate 2 + (4 - -1) - 2.
5
1 + (-10 - (0 + -4))
-5
6 - 4 - -10 - (-1 - -7)
6
Calculate -13 - (9 - 27) - (6 - -1).
-2
What is the value of 9 + -4 + (8 - 8) - 2?
3
What is -7 - -3 - (-1 + (0 - -1))?
-4
Calculate 1 + (5 + -6 - (0 - 1)).
1
Evaluate 2 + -4 + 5 + -12 + 4.
-5
What is the value of 4 + 5 - (3 + 1)?
5
-3 + (4 - -2 - 6)
-3
What is the value of 1 + 8 + 3 + -10?
2
What is (-4 - (-7 - -4) - -3) + -3?
-1
Calculate 2 + (-2 - -2) + 0.
2
What is (3 - 7) + (4 - 1)?
-1
Evaluate -7 - (-2 - (4 + (-1 - 0))).
-2
Evaluate -34 + 39 - (1 + -1).
5
Evaluate (-4 - -6) + -7 + 8.
3
What is 4 + (4 - (-1 + 5 + -1))?
5
What is 2 + (-5 - (-2 + 4 + -2))?
-3
Evaluate 1 + -6 + 2 + (1 - 0).
-2
Calculate (0 - -10) + -41 + 35.
4
Evaluate 0 + -1 + (-19 - -24) + 1.
5
Calculate (0 + 7 - 9) + 1 + 7.
6
What is the value of -9 + -13 + 29 + 2?
9
12 + -24 + 15 - (7 + 0)
-4
What is the value of 5 + -1 + -4 + 2 + -6?
-4
What is -8 + 1 - -7 - (-2 - 0)?
2
Calculate (1 + 3 - -4) + -4.
4
What is the value of -1 + -2 + -9 + 0 + 10?
-2
Calculate -3 - (1 + -5) - (4 - 1).
-2
7 - (4 + (-1 - -4) + -7)
7
Calculate -1 + -3 + (8 - 9).
-5
What is the value of 3 + (-4 - (3 + -4))?
0
What is -6 + 4 - (-5 - -7 - -6)?
-10
Calculate (-8 - (5 + -11)) + -2.
-4
Evaluate 6 - (20 - -1 - (7 + -1)).
-9
What is (-3 + 5 - 0) + 1?
3
-6 + -1 + 4 + -1 + 0
-4
Calculate -3 + -3 - (8 - 10).
-4
What is t